 = 24*p**2 - 7600*p + 52002. Give i(7).
-22
Let v(u) = -46191*u - 230935. Calculate v(-5).
20
Let h(l) = l**3 + 437*l**2 + 73*l + 31876. What is h(-437)?
-25
Let x(r) = -15762*r - 346695. Calculate x(-22).
69
Let g(u) = 272*u**3 - 40*u**2 - 43*u - 2. Calculate g(-1).
-271
Let t(x) = -759*x - 255795. Calculate t(-337).
-12
Let o(a) = -81*a - 3695. Determine o(-58).
1003
Let m(n) = -2*n**3 - 23*n**2 - 103*n - 1410. Calculate m(-12).
-30
Let y(f) = -23670*f + 213101. Calculate y(9).
71
Let h(o) = -24*o**2 - 968*o + 694. Calculate h(-41).
38
Let i(h) = 18707*h + 636041. Determine i(-34).
3
Let v(z) = 173*z - 2431. Give v(8).
-1047
Let c(u) = 62*u + 3188. Determine c(-11).
2506
Let f(d) = -d**3 - 97*d**2 - 576*d - 76612. What is f(-99)?
14
Let z(y) = y**2 + 633*y - 505928. Give z(462).
-38
Let j(g) = -3440*g - 27908. What is j(-8)?
-388
Let r(f) = 32*f**3 - 11299*f - 11299. Calculate r(-1).
-32
Let s(c) = -16471*c + 214135. Give s(13).
12
Let b(d) = -d**3 + 32*d**2 - 652*d + 15117. Determine b(28).
-3
Let l(j) = -146*j + 178. Give l(-10).
1638
Let f(q) = q**3 + 13*q**2 + q + 121. Give f(0).
121
Let c(p) = 80*p**3 - 722*p**2 + 17*p + 43. Calculate c(9).
34
Let m(k) = -8346*k + 5049341. Calculate m(605).
11
Let a(q) = 2*q**3 + 121*q**2 - 6048*q - 104. Give a(-93).
175
Let h(x) = -2*x**2 + 1876*x + 13236. Give h(-7).
6
Let u(d) = -2*d**2 + 345*d - 5290. Give u(156).
-142
Let k(i) = 31*i + 1402. Determine k(-14).
968
Let f(y) = 2*y**3 - 24*y**2 - 125*y + 1487. Determine f(11).
-130
Let m(q) = -30*q**3 + 3573*q**2 - 351*q - 686. Calculate m(119).
28
Let m(y) = 4*y**3 - 239*y**2 + 356*y - 10546. Calculate m(59).
15
Let m(n) = 1968*n**2 + 210*n - 210. Give m(1).
1968
Let f(d) = -d**3 - 37*d**2 - 1135*d - 47339. Calculate f(-39).
-32
Let v(d) = -d**2 - 51*d - 1623. What is v(-40)?
-1183
Let n(p) = 6671*p - 100043. Determine n(15).
22
Let v(m) = 48734*m - 292410. Give v(6).
-6
Let g(y) = y**3 + 55*y**2 - 1793*y - 40. Determine g(23).
-17
Let y(m) = -75*m**2 + 433*m + 2921. What is y(-4)?
-11
Let b(m) = -13602*m - 421805. Determine b(-31).
-143
Let p(s) = -13855*s + 138578. Determine p(10).
28
Let g(b) = 19*b**3 - 22*b**2 - 64*b - 47. What is g(-6)?
-4559
Let h(x) = 61793*x - 1174064. What is h(19)?
3
Let c(r) = r**2 + 69*r - 143608. Determine c(-415).
-18
Let z(j) = -14*j**2 - 32*j - 41. What is z(-2)?
-33
Let y(x) = -240*x**3 + 1910*x**2 + 81*x - 17. Determine y(8).
-9
Let f(t) = 20*t**2 + 705*t + 2010. Calculate f(-3).
75
Let d(b) = -5*b**2 + 1821*b - 51629. Give d(31).
17
Let k(i) = 6505*i - 47188. Calculate k(7).
-1653
Let z(v) = -v**3 - 245*v**2 - 1204*v - 1037. Give z(-240).
-77
Let i(d) = 13*d**2 + 1388*d - 355. What is i(-107)?
-34
Let u(r) = -r**2 - 587*r + 26271. Determine u(42).
-147
Let d(j) = -49*j**3 - 9*j**2 - 78*j - 234. Calculate d(-4).
3070
Let x(h) = 58*h**2 - 294*h - 1846. Calculate x(-6).
2006
Let f(l) = 221*l + 3491. Determine f(-16).
-45
Let p(v) = -4891*v**2 - 63615*v - 410. What is p(-13)?
6
Let r(t) = -4*t**2 - 3*t + 10427. Give r(47).
1450
Let t(b) = b**3 + 103*b**2 - 11977*b - 1235732. Give t(-107).
11
Let i(q) = q**3 - 5*q**2 + 374*q - 2737. What is i(7)?
-21
Let q(u) = -722*u - 179764. Determine q(-249).
14
Let c(o) = o**2 + 94*o - 43976. Give c(168).
40
Let k(r) = -182*r + 791. What is k(13)?
-1575
Let m(z) = z**3 + 41*z**2 - 3000*z + 159. Determine m(-79).
1
Let z(o) = -462*o - 14132. Give z(-33).
1114
Let m(s) = -4*s**3 - 121*s**2 + 96*s - 159. Determine m(-32).
3937
Let w(o) = o**2 + 808*o - 609439. Give w(475).
-14
Let z(a) = 426*a**2 - 15752*a - 254. Determine z(37).
116
Let u(x) = 13*x**2 + 27*x - 116. What is u(5)?
344
Let j(a) = 2266*a - 466799. Calculate j(206).
-3
Let u(y) = -22*y**2 + 235*y + 856. Give u(-3).
-47
Let o(f) = 2*f**2 + 3431*f - 34439. Calculate o(10).
71
Let l(a) = a**3 - 24*a**2 + 65*a + 285. Calculate l(20).
-15
Let v(b) = 3968778*b - 31750225. Determine v(8).
-1
Let o(r) = 4587*r - 376124. Give o(82).
10
Let k(q) = -2*q**3 + 260*q**2 - 512*q - 201. Determine k(128).
-201
Let k(g) = -448727*g + 897467. Determine k(2).
13
Let a(s) = s**3 + 80*s**2 - 88*s - 395. Determine a(-81).
172
Let u(z) = -z**3 + 51*z**2 - 419*z + 362. Determine u(9).
-7
Let r(o) = 21*o - 595. Determine r(81).
1106
Let c(l) = 70*l - 6327. Calculate c(75).
-1077
Let z(b) = -9*b - 729. Give z(134).
-1935
Let d(o) = 1223*o - 137109. What is d(112)?
-133
Let n(o) = 438606*o + 2193046. Calculate n(-5).
16
Let y(c) = -668*c**2 + 2681*c - 43. Calculate y(4).
-7
Let r(p) = -7*p**3 + 191*p**2 + 1412*p + 99. What is r(-6)?
15
Let w(f) = -916*f - 117047. Determine w(-128).
201
Let n(l) = -4*l**3 - 363*l**2 - 4034*l + 97. Give n(-13).
-20
Let b(w) = w**3 + 222*w**2 - 448*w + 93. Determine b(-224).
93
Let a(s) = -s**3 - s**2 - 234*s - 468. Give a(-2).
4
Let g(i) = -i**3 - 7*i**2 - 558*i - 5642. What is g(-10)?
238
Let q(b) = -17*b**2 + 24953*b - 637289. Determine q(26).
-3
Let o(z) = 58*z**2 + 384*z - 2459. What is o(4)?
5
Let s(z) = 4542*z - 18127. What is s(4)?
41
Let i(t) = -7221*t - 49424. Calculate i(-7).
1123
Let w(q) = 1487*q + 95155. What is w(-64)?
-13
Let d(q) = q**3 - 50*q**2 - 35*q + 1285. Determine d(50).
-465
Let s(m) = 11682*m - 23412. Calculate s(2).
-48
Let t(s) = -2*s**3 + 23*s**2 + 49*s - 18. Give t(12).
426
Let p(d) = -11*d**2 + 217*d + 70. What is p(20)?
10
Let b(l) = 10779*l - 97011. Determine b(9).
0
Let s(j) = -2*j**3 + 23*j**2 + 24*j - 28. Calculate s(11).
357
Let j(v) = 2*v**3 + 15*v**2 - 1545*v + 767. What is j(24)?
-25
Let r(f) = 28*f**2 - 12826*f + 959. Give r(458).
43
Let d(z) = -z**3 + 503*z**2 - 489*z + 245961. What is d(503)?
-6
Let t(v) = -14154*v - 1712636. What is t(-121)?
-2
Let i(t) = -5*t**2 + 412*t + 5005. What is i(94)?
-447
Let y(s) = -s**3 - 19*s**2 - 29*s + 474. Calculate y(-13).
-163
Let v(w) = 653*w**3 - 6*w**2 + 452*w + 453. Give v(-1).
-658
Let x(y) = -6*y**2 - 2431*y - 151609. Determine x(-77).
4
Let t(b) = -698*b - 953. Determine t(-2).
443
Let s(c) = -21587*c - 1575847. Give s(-73).
4
Let w(t) = -4*t**2 - 3241*t - 501397. What is w(-602)?
69
Let x(p) = -25*p**2 - 5550*p - 61. Determine x(-222).
-61
Let x(m) = 2*m**3 - 109*m**2 - 923*m - 443. What is x(62)?
-9
Let z(p) = 2*p**2 + 471*p + 6121. Determine z(-13).
336
Let g(r) = r**2 - 65*r + 579. Give g(52).
-97
Let j(x) = 6922*x - 40760. What is j(6)?
772
Let t(i) = i**3 + 145*i**2 + 290*i - 666. Give t(-143).
-1238
Let k(v) = 5691*v + 68292. Give k(-12).
0
Let h(u) = -2*u**2 - 381*u - 8844. Give h(-27).
-15
Let t(p) = -5*p**2 + 3918*p - 685863. Give t(264).
9
Let l(a) = -1349*a - 2163. Determine l(-1).
-814
Let c(o) = 5*o**3 - 14*o**2 - 26*o - 46. Calculate c(-7).
-2265
Let u(w) = 8*w**3 - 21*w**2 - 3*w + 252. Calculate u(5).
712
Let m(z) = z**3 + 136*z**2 + 4059*z + 492. Give m(-44).
8
Let z(q) = 5*q**2 - 1243*q - 4415. What is z(252)?
-131
Let b(w) = -w**3 - 3*w**2 + 1263*w - 154. What is b(34)?
16
Let t(m) = 4096*m - 20442. Determine t(5).
38
Let u(g) = -11*g**2 - 1753*g - 21467. Give u(-146).
-5
Let o(f) = -385*f + 6146. Give o(19).
-1169
Let y(v) = v**3 + 136*v**2 + 1174*v + 26. Calculate y(-9).
-253
Let k(p) = 3*p**2 - 201*p - 1129. Give k(84).
3155
Let s(t) = 1695*t - 155960. Calculate s(92).
-20
Let l(t) = t**3 - 90*t**2 + 573*t - 53. Give l(7).
-109
Let d(k) = 1428*k + 224066. Give d(-155).
2726
Let r(m) = -m**3 + 77*m**2 + 1230*m + 273. Give r(91).
-3731
Let y(m) = -4829*m - 787152. Give y(-163).
-25
Let w(q) = -5025*q + 65257. Give w(13).
-68
Let r(y) = 51*y**3 - 4130*y**2 - 160*y + 6402. Give r(81).
3
Let i(q) = -168*q**2 + 1071*q + 9. Determine i(6).
387
Let r(i) = 15*i + 4506. What is r(-200)?
1506
Let h(a) = -7542*a**2 - 22665*a - 112. What is h(-3)?
5
Let d(n) = n**2 + 702*n - 5798. Determine d(8).
-118
Let x(k) = 597*k + 32757. Determine x(-56).
-675
Let d(b) = 7*b**3 + 55*b**2 - 135*b - 118. Give d(3).
161
Let r(m) = -3*m**3 - 43*m**2 + 1597*m + 11. Give r(17).
-6
Let d(i) = 2*i**2 + 896*i - 10063. Determine d(11).
35
Let i(s) = 436*s - 212825. Determine i(488).
-57
Let h(o) = 6*o**3 + 41*o**2 - 147*o - 1431. What is h(-9)?
-1161
Let z(s) = -3*s**3 + s**2 - 27*s - 178. Give z(-5).
357
Let g(b) = -62*b + 4096. Calculate g(51).
934
Let u(g) = 11*g**2 - 861*g - 3541. What is u(82)?
-179
Let t(n) = 1088*n - 253470. Calculate